, 5399
What are the prime factors of 174065963?
174065963
List the prime factors of 362730888.
2, 3, 13, 61, 6353
List the prime factors of 1360666552.
2, 7, 67, 139, 2609
List the prime factors of 4255853211.
3, 29, 139, 39103
What are the prime factors of 24746019?
3, 29, 461, 617
List the prime factors of 1946961090.
2, 3, 5, 37, 194891
What are the prime factors of 500495764?
2, 313, 399757
What are the prime factors of 10295323?
59, 211, 827
What are the prime factors of 558283278?
2, 3, 7, 23, 31, 103, 181
What are the prime factors of 1354105267?
17, 61, 79, 16529
What are the prime factors of 17501553?
3, 113, 17209
What are the prime factors of 3702809306?
2, 7, 173, 1528823
List the prime factors of 44056810.
2, 5, 7, 629383
List the prime factors of 238437587.
238437587
What are the prime factors of 34472278?
2, 139, 124001
List the prime factors of 2339091938.
2, 19, 61555051
What are the prime factors of 1070159387?
11, 23, 97, 43607
List the prime factors of 60352684.
2, 7, 157, 13729
What are the prime factors of 46756104?
2, 3, 1948171
What are the prime factors of 602293967?
11, 421, 130057
What are the prime factors of 7708112?
2, 89, 5413
List the prime factors of 184644055.
5, 17, 2172283
List the prime factors of 64778654.
2, 31, 347, 3011
What are the prime factors of 145329553?
145329553
List the prime factors of 71373678.
2, 3, 11895613
What are the prime factors of 47996307?
3, 592547
List the prime factors of 118580625.
3, 5, 7027
What are the prime factors of 87802751?
97, 773, 1171
What are the prime factors of 3761841?
3, 1253947
List the prime factors of 2008075731.
3, 669358577
List the prime factors of 516084024.
2, 3, 599, 35899
List the prime factors of 10159061.
11, 923551
What are the prime factors of 120179232?
2, 3, 23, 18143
List the prime factors of 66113578.
2, 17, 19, 53, 1931
What are the prime factors of 401443428?
2, 3, 31, 137, 7877
List the prime factors of 457696490.
2, 5, 383, 119503
List the prime factors of 606340131.
3, 202113377
List the prime factors of 23015161.
13, 17, 223, 467
List the prime factors of 27727673.
23, 317, 3803
What are the prime factors of 2163441929?
11, 43, 4573873
What are the prime factors of 228103567?
228103567
List the prime factors of 35873569.
107, 179, 1873
List the prime factors of 1839460203.
3, 7, 41, 379, 1879
List the prime factors of 3925663277.
3925663277
List the prime factors of 108903406.
2, 2083, 26141
What are the prime factors of 182222818?
2, 91111409
List the prime factors of 1586166264.
2, 3, 277, 79531
List the prime factors of 544070001.
3, 181356667
What are the prime factors of 1173097315?
5, 13, 18047651
List the prime factors of 81218892.
2, 3, 239, 28319
List the prime factors of 290296501.
11, 23, 1147417
List the prime factors of 66755558.
2, 33377779
What are the prime factors of 265992588?
2, 3, 7388683
List the prime factors of 202792414.
2, 11, 9217837
What are the prime factors of 182398604?
2, 37, 43, 28661
What are the prime factors of 28681807?
7, 11, 127, 419
What are the prime factors of 18291162?
2, 3, 71, 42937
What are the prime factors of 346847450?
2, 5, 691, 10039
List the prime factors of 39696642.
2, 3, 317, 773
List the prime factors of 299379088.
2, 18711193
What are the prime factors of 2918728562?
2, 2557, 570733
What are the prime factors of 1245923218?
2, 5393, 115513
What are the prime factors of 1118934584?
2, 31, 145543
What are the prime factors of 752484807?
3, 83609423
List the prime factors of 584532088.
2, 7, 97, 107609
List the prime factors of 37777150.
2, 5, 431, 1753
What are the prime factors of 229882458?
2, 3, 13, 2947211
List the prime factors of 4111185042.
2, 3, 15053, 15173
List the prime factors of 7475700.
2, 3, 5, 24919
What are the prime factors of 53257675?
5, 2130307
What are the prime factors of 187396444?
2, 46849111
List the prime factors of 27843235.
5, 7, 379, 2099
List the prime factors of 755012332.
2, 29, 6508727
List the prime factors of 4335514883.
7, 1283, 482743
List the prime factors of 2038980397.
2927, 696611
What are the prime factors of 54071484?
2, 3, 199, 22643
List the prime factors of 181560600.
2, 3, 5, 13, 7759
What are the prime factors of 32582150?
2, 5, 19, 34297
List the prime factors of 1219216664.
2, 53, 113, 25447
List the prime factors of 263576712.
2, 3, 7, 1568909
What are the prime factors of 1088223751?
1088223751
List the prime factors of 1989717139.
197, 509, 19843
What are the prime factors of 1852452479?
1852452479
What are the prime factors of 387665638?
2, 53, 3657223
List the prime factors of 1449847577.
1449847577
What are the prime factors of 82222197?
3, 27407399
What are the prime factors of 417956535?
3, 5, 439, 21157
List the prime factors of 45312157.
11, 17, 293, 827
List the prime factors of 60886875.
3, 5, 7, 4639
What are the prime factors of 340508193?
3, 6907, 16433
What are the prime factors of 52220119?
7, 7460017
What are the prime factors of 1580078879?
16493, 95803
List the prime factors of 47891138.
2, 23945569
What are the prime factors of 3642265028?
2, 17, 97, 552193
List the prime factors of 2463328445.
5, 492665689
What are the prime factors of 306827606?
2, 37, 1217, 3407
What are the prime factors of 6463131701?
13, 497163977
List the prime factors of 117843903.
3, 1454863
List the prime factors of 2841961441.
11, 379, 681689
List the prime factors of 3882359379.
3, 631, 2050903
What are the prime factors of 108917246?
2, 773, 70451
What are the prime factors of 50424228?
2, 3, 31, 15061
What are the prime factors of 228329390?
2, 5, 22832939
What are the prime factors of 818073625?
5, 6544589
What are the prime factors of 424246328?
2, 11, 438271
List the prime factors of 252372679.
13, 131, 148193
What are the prime factors of 1839791536?
2, 11, 293, 35677
What are the prime factors of 6851009?
11, 157, 3967
List the prime factors of 99957276.
2, 3, 37, 101, 743
List the prime factors of 2067343452.
2, 3, 19142069
What are the prime factors of 1123566016?
2, 101, 173819
What are the prime factors of 264692185?
5, 431, 122827
What are the prime factors of 2822964419?
11, 617, 415937
List the prime factors of 685550987.
11, 62322817
What are the prime factors of 1441235576?
2, 11, 19, 191, 4513
List the prime factors of 94523831.
61, 73, 21227
List the prime factors of 1593115749.
3, 67, 880661
What are the prime factors of 77556833?
3529, 21977
List the prime factors of 11534430.
2, 3, 5, 384481
What are the prime factors of 357003972?
2, 3, 13, 37, 53, 389
List the prime factors of 220772713.
7, 3023, 10433
What are the prime factors of 19542245?
5, 31, 126079
List the prime factors of 4779358927.
7, 229, 2981509
What are the prime factors of 4300876623?
3, 1423, 1007467
List the prime factors of 24210428.
2, 11, 257, 2141
List the prime factors of 95841961.
95841961
What are the prime factors of 36900292?
2, 11, 13, 31, 2081
What are the prime factors of 6010509069?
3, 17, 13094791
List the prime factors of 477564179.
477564179
List the prime factors of 34200756.
2, 3, 397, 2393
List the prime factors of 19578923.
7, 13, 215153
What are the prime factors of 38264634?
2, 3, 2125813
List the prime factors of 1334344130.
2, 5, 7, 19062059
What are the prime factors of 253007067?
3, 84335689
List the prime factors of 9777050.
2, 5, 195541
What are the prime factors of 43661826?
2, 3, 13, 31, 463
List the prime factors of 35236634.
2, 17618317
What are the prime factors of 160703851?
7, 11, 189733
What are the prime factors of 9638037?
3, 71, 15083
List the prime factors of 5681835215.
5, 7, 8929, 18181
List the prime factors of 12773927.
12773927
List the prime factors of 3356854.
2, 17, 98731
List the prime factors of 280111242.
2, 3, 1823, 25609
What are the prime factors of 983722169?
19, 51774851
List the prime factors of 1229432226.
2, 3, 11, 37, 503453
List the prime factors of 29336509.
17, 31, 55667
What are the prime factors of 14499792?
2, 3, 100693
What are the prime factors of 66939211?
66939211
List the prime factors of 923999724.
2, 3, 950617
List the prime factors of 26078086.
2, 431, 30253
List the prime factors of 6605490265.
5, 11, 283, 347, 1223
What are the prime factors of 417113436?
2, 3, 101, 344